 - -7?
-4a
In base 16, what is 0 - 28f?
-28f
In base 9, what is 34 + -42?
-7
In base 9, what is 1 + -150?
-148
In base 11, what is 2 - 150?
-149
In base 16, what is 0 + -61f?
-61f
In base 4, what is 312 - 3?
303
In base 2, what is -11 + -1111011?
-1111110
In base 13, what is 849 + -3?
846
In base 13, what is -74 - 46?
-ba
In base 10, what is -36 + 2?
-34
In base 14, what is -8 + 2?
-6
In base 11, what is -265 + -14?
-279
In base 13, what is 2a8 - -5?
2b0
In base 9, what is 807 + -2?
805
In base 11, what is 19 + 902?
920
In base 6, what is 43 + 2142?
2225
In base 4, what is -10 - -332030?
332020
In base 12, what is 379 - -3?
380
In base 4, what is 222302 + -11?
222231
In base 7, what is 0 + 64?
64
In base 8, what is -4 - -1300?
1274
In base 2, what is 1011 - -1110?
11001
In base 13, what is -bb8 - -2?
-bb6
In base 6, what is -24313 - -4?
-24305
In base 9, what is -5386 - -4?
-5382
In base 10, what is -27 + -22?
-49
In base 8, what is -5 - -67?
62
In base 11, what is 2 - -728?
72a
In base 12, what is 2b + -6?
25
In base 6, what is -35202 + 4?
-35154
In base 14, what is 81 - 0?
81
In base 6, what is -321 + -14?
-335
In base 12, what is 0 + 841?
841
In base 11, what is 0 + -24?
-24
In base 7, what is 3 - -561?
564
In base 12, what is 1181 - 1?
1180
In base 6, what is -33 - 1424?
-1501
In base 2, what is -11011 + 11001?
-10
In base 5, what is -1 - 202?
-203
In base 5, what is -10 + 24031?
24021
In base 4, what is 22 - 1231?
-1203
In base 11, what is 181 - 3?
179
In base 7, what is 12 - 14?
-2
In base 6, what is -2 - -31?
25
In base 14, what is 28 + 78?
a2
In base 2, what is -1011011 + -101?
-1100000
In base 13, what is -2 + -1bc4?
-1bc6
In base 2, what is -1001100011 + 1100?
-1001010111
In base 14, what is -3 + 33?
30
In base 12, what is a0b - 4?
a07
In base 7, what is -2 - 21?
-23
In base 13, what is -5 + 196?
191
In base 2, what is -1101100001101 - 100?
-1101100010001
In base 9, what is -13 - -5?
-7
In base 7, what is 3 - 1445?
-1442
In base 6, what is 431341 - 3?
431334
In base 2, what is -10 + 1111?
1101
In base 14, what is -3 + 27?
24
In base 9, what is 446 - 3?
443
In base 15, what is 3 + 6ba?
6bd
In base 2, what is 100000111 + -101?
100000010
In base 16, what is -4 + -177?
-17b
In base 9, what is 6 - -34?
41
In base 11, what is -1427 + 4?
-1423
In base 8, what is -4 + -70?
-74
In base 12, what is 3 + 39?
40
In base 4, what is 2 + -1001?
-333
In base 3, what is -10101 + -1?
-10102
In base 6, what is -150 + -13?
-203
In base 9, what is -137 - -5?
-132
In base 8, what is -165 - 5?
-172
In base 12, what is 8 - -60?
68
In base 15, what is 957c - -4?
9581
In base 15, what is -88 + 3?
-85
In base 10, what is -45 - -8?
-37
In base 13, what is -5 + 1794?
178c
In base 14, what is 3 + 474?
477
In base 8, what is 0 + 20?
20
In base 6, what is -2 + -112?
-114
In base 10, what is 0 - -440?
440
In base 15, what is -11 - -3?
-d
In base 8, what is -2 + -33?
-35
In base 14, what is -d + 85?
76
In base 5, what is -10004 + 0?
-10004
In base 5, what is -3 - -22100?
22042
In base 3, what is 102222 - 10?
102212
In base 16, what is 1b - 5?
16
In base 14, what is 2 - -d34?
d36
In base 11, what is -9 - 7?
-15
In base 15, what is -3 + 2b?
28
In base 15, what is 1511 + -4?
150c
In base 6, what is -10314 - -12?
-10302
In base 14, what is -1612 + 3?
-160d
In base 13, what is -4 + -7b4?
-7b8
In base 14, what is -899 + 1?
-898
In base 15, what is -1c9d + 0?
-1c9d
In base 6, what is -1 - 1252?
-1253
In base 8, what is 11 + 202?
213
In base 7, what is 1424 - -10?
1434
In base 6, what is -353 - 3?
-400
In base 4, what is 131 - -3?
200
In base 4, what is 11101 - -22?
11123
In base 7, what is 32 - 465?
-433
In base 8, what is -12 - 335?
-347
In base 8, what is 2274 + 0?
2274
In base 10, what is -2 - 516?
-518
In base 5, what is -31 + -2301?
-2332
In base 5, what is 2303 + -1?
2302
In base 6, what is 4 + -5013?
-5005
In base 2, what is -1001011 - 1111?
-1011010
In base 12, what is -4a + 24?
-26
In base 2, what is 1000000000 + 101?
1000000101
In base 12, what is 11 + -27?
-16
In base 5, what is -31 - 23?
-104
In base 3, what is -112 + -2020?
-2202
In base 10, what is -13988 - 2?
-13990
In base 2, what is -101000111011 + -101?
-101001000000
In base 12, what is 154 - 5?
14b
In base 3, what is 2 - 22?
-20
In base 12, what is -12 - -4?
-a
In base 9, what is 6 - 153?
-146
In base 15, what is -1 + 2a3?
2a2
In base 15, what is -4 + 37?
33
In base 4, what is 230011 + 10?
230021
In base 7, what is 5604 - -5?
5612
In base 16, what is 0 + 3?
3
In base 2, what is -100010 - -1?
-100001
In base 10, what is 6 + 6?
12
In base 3, what is 2020 - -21?
2111
In base 12, what is 1 - -24?
25
In base 12, what is -1523 - -5?
-151a
In base 12, what is 13 + 5?
18
In base 14, what is 0 - da?
-da
In base 16, what is 161 - 4?
15d
In base 13, what is -5 + -3374?
-3379
In base 12, what is 19 - -5?
22
In base 9, what is -73 - -5?
-67
In base 11, what is 6815 + 4?
6819
In base 15, what is -4 - 1b?
-20
In base 4, what is 102233 - 0?
102233
In base 11, what is 8 + 3?
10
In base 13, what is -2 - 22?
-24
In base 14, what is -6b - -3?
-68
In base 4, what is 1212 + -121?
1031
In base 10, what is -4 + -409?
-413
In base 2, what is 1110100111 + 1?
1110101000
In base 5, what is 2014 + -2?
2012
In base 11, what is -2 - 206?
-208
In base 16, what is -5 + -386?
-38b
In base 3, what is 1 + 21?
22
In base 6, what is 51 + -21?
30
In base 4, what is -10 + -1332?
-2002
In base 12, what is -349a - -2?
-3498
In base 6, what is -13343 - 5?
-13352
In base 13, what is -1 - 273?
-274
In base 2, what is -11010000010000 - -101?
-11010000001011
In base 7, what is -1 - -1020?
1016
In base 8, what is 2 - 24?
-22
In base 6, what is 2 - 2011?
-2005
In base 3, what is 1012 - 100?
212
In base 10, what is -9 + -16?
-25
In base 12, what is -1 + -7b?
-80
In base 4, what is -10 - -111220?
111210
In base 3, what is -1022 - 1010?
-2102
In base 6, what is -10 + 2?
-4
In base 9, what is -10 + 220?
210
In base 5, what is 11 - 4122?
-4111
In base 4, what is 22 + 230?
312
In base 16, what is 1a2a + -5?
1a25
In base 13, what is 1 - 9?
-8
In base 15, what is 4b - -25?
71
In base 13, what is 4 + 6c?
73
In base 4, what is -11022 + 11?
-11011
In base 4, what is 23110 + -2?
23102
In base 2, what is -100 - -111010001?
111001101
In base 4, what is -1200 + -1?
-1201
In base 9, what is -7 - -3117?
3110
In base 15, what is 18 - 24?
-b
In base 13, what is -a + 3?
-7
In base 7, what is -4 + 1035?
1031
In base 8, what is 1 - -1710?
1711
In base 16, what is 1b + 276?
291
In base 2, what is -10000 - -10010111100?
10010101100
In base 16, what is 1 + 34?
35
In base 11, what is 1 - 23?
-22
In base 5, what is -2431 - -4?
-2422
In base 11, what is -17 + 150?
134
In base 3, what is -112111 + -2?
-112120
In base 6, what is 3032 + 14?
3050
In base 13, what is 1 + 4b?
4c
In base 13, what is 304 - -4?
308
In base 12, what is -303 - -5?
-2ba
In base 7, what is 4 + -1220?
-1213
In base 12, what is -37 - -8?
-2b
In base 5, what is 103 + -33?
20
In base 9, what is -5 - -12?
6
In base 6, what is 2220 + -2?
2214
In base 5, what is 42 - 24?
13
In base 7, what is -516 + 12?
-504
In base 13, what is 5 + -9b?
-96
In base 3, what is 12 - 220010?
-212221
In base 9, what is 165 - -3?
168
In base 14, what is -b - 8?
-15
In base 11, what is -366 + -6?
-371
In base 11, what is 27 - -4?
30
In base 13, what is 3 - -1236?
1239
In base 14, what is 4 + -46?
-42
In base 2, what is 100 - -1110?
10010
In base 10, what is -3 + 5192?
5189
In base 9, what is 57 - 20?
37
In base 8, what is 405 - -1?
406
In base 12, what is -100 + -26?
-126
In base 9, what is -1315 + -4?
-1320
In base 10, what is 14 - 7?
7
In base 4, what is 103 - 22?
21
In base 16, what is -1a - -6?
-14
In base 16, what is 3 + 26?
29
In base 5, what is 211 + -1?
210
In base 9, what is 41 - -1?
42
In base 11, what is a5 + 4?
a9
In base 8, what is -16 - 632?
-650
In base 15, what is 4 - b3?
-ae
In base 10, what is 1 - -27?
28
In base 8, what is 22 + 76?
120
In base 3, what is 120102 + 11?
120120
In base 6, what is -41 - -35?
-2
In base 5, what is 2 + 113?
120
In base 8, what is 17 + 711?
730
In base 9, what is 4 - -32?
36
In base 3, what is -11 - -10012?
10001
In base 16, what is 3fc + -5?
3f7
In base 9, what is -728 + 2?
-726
In base 16,